{"id":134,"date":"2025-08-25T14:28:26","date_gmt":"2025-08-25T17:28:26","guid":{"rendered":"https:\/\/marok.com.br\/?page_id=134"},"modified":"2025-08-25T14:32:48","modified_gmt":"2025-08-25T17:32:48","slug":"compliance","status":"publish","type":"page","link":"https:\/\/marok.com.br\/index.php\/compliance\/","title":{"rendered":"Compliance"},"content":{"rendered":"\n<p>N\u00f3s, do Grupo Marok, estamos comprometidos com o sucesso do cliente, por meio da excel\u00eancia, e sabemos que o caminho para a excel\u00eancia somente ser\u00e1 atingido se agirmos com conformidade, \u00e9tica e transpar\u00eancia. \u00c9 por isso que em nossos Valores e C\u00f3digo de Conduta&nbsp;refor\u00e7amos nosso compromisso com o compliance. Esperamos que nossos empregados, em todos os n\u00edveis, da opera\u00e7\u00e3o \u00e0 diretoria, sigam as diretrizes do C\u00f3digo de Conduta e ajam em conformidade com todas as leis, regulamenta\u00e7\u00f5es e pol\u00edticas em todas as regi\u00f5es e pa\u00edses nos quais atuamos.<\/p>\n\n\n\n<p>Estamos em constante busca pelas melhores pr\u00e1ticas, incentivando o combate \u00e0 corrup\u00e7\u00e3o e apresentado os danos causados por ela nas esferas pol\u00edtica, econ\u00f4mica e social. Desta forma, disseminamos entre clientes, empregados, diretores, fornecedores, parceiros, poder p\u00fablico, m\u00eddia e comunidade, a amplitude e a relev\u00e2ncia do tema, resultando em prote\u00e7\u00e3o e preserva\u00e7\u00e3o de valor para a sociedade e, consequentemente, para a nossa empresa.<\/p>\n\n\n\n<p>N\u00f3s, do Grupo Marok, proibimos a realiza\u00e7\u00e3o de pagamentos, a t\u00edtulo de gratifica\u00e7\u00e3o, facilita\u00e7\u00e3o ou oferecimento de qualquer vantagem a funcion\u00e1rios p\u00fablicos ou autoridades do governo para qualquer finalidade, incluindo contribui\u00e7\u00e3o em valor, bens ou servi\u00e7os para campanhas, ou causas pol\u00edticas, bem como o recebimento e oferecimento de brindes, entretenimentos, hospitalidade e convites institucionais. Todos devem sempre respeitar as orienta\u00e7\u00f5es previstas no C\u00f3digo de Conduta.<\/p>\n\n\n\n<p>Em 2019, Iniciamos com o&nbsp;<strong>Programa Compliance<\/strong>&nbsp;com campanhas de comunica\u00e7\u00e3o e treinamentos para todos os empregados e diretores monitorando a efic\u00e1cia do programa e tomando as medidas necess\u00e1rias, em caso de infra\u00e7\u00f5es ou descuidos. Al\u00e9m disso, n\u00f3s incentivamos o relato de qualquer suspeita de atos il\u00edcitos por meio da Linha \u00c9tica e n\u00e3o aceitamos nenhum tipo de repres\u00e1lia. Este canal, p\u00fablico e aberto a todos, dentro e fora da organiza\u00e7\u00e3o, assegura uma forma de realizar den\u00fancias de maneira confidencial e an\u00f4nima. Todos os relatos s\u00e3o apurados e direcionados de acordo com as pol\u00edticas internas e a legisla\u00e7\u00e3o vigente.<\/p>\n\n\n\n<p><strong>C\u00f3digo de Conduta<\/strong><\/p>\n\n\n\n<p>A Marok \u00e9 uma institui\u00e7\u00e3o de direito privado, inscrita no CNPJ\/MF sob o n\u00ba 15.706.238\/0001-04, estabelecida na Estrada da Penal, 6630 \u2013 Aponi\u00e3, Porto Velho \u2013 RO, 76824-052, na capital de Porto Velho, Estado de Rond\u00f4nia, que tem como miss\u00e3o proporcionar solu\u00e7\u00f5es tecnol\u00f3gicas inovadoras e sustent\u00e1veis de forma \u00e9tica, transparente e segura.<\/p>\n\n\n\n<p>A nossa reputa\u00e7\u00e3o e a nossa credibilidade s\u00e3o os ativos mais importantes de que dispomos, e os princ\u00edpios \u00e9ticos que orientam nossa atua\u00e7\u00e3o contribuem para a manuten\u00e7\u00e3o da imagem da MAROK como institui\u00e7\u00e3o s\u00f3lida e confi\u00e1vel perante nossos clientes, fornecedores, consumidores e colaboradores em geral. O Jeito de Ser e de Fazer da Marok baseados na \u00e9tica, na integridade, na legalidade e na justi\u00e7a, concretiza a sua trajet\u00f3ria de transforma\u00e7\u00e3o, a qual reflete todo um estudo de quem somos e para onde vamos, com o objetivo de estarmos preparados para os diversos desafios.<\/p>\n\n\n\n<p>Imersos nesse sentimento, para que n\u00f3s, diretores e colaboradores pr\u00f3prios e terceirizados, tenhamos o mesmo entendimento da melhor conduta no nosso dia a dia profissional, resolvemos instituir o presente C\u00f3digo de Condutas que nortear\u00e1 todas as rela\u00e7\u00f5es com quem, de alguma forma, mant\u00e9m v\u00ednculo com a Marok.<\/p>\n\n\n\n<p>Aqui, visando possibilitar um ambiente seguro, transparente, \u00e9tico e moral, encontramos qual \u00e9 a conduta da Marok para fazer neg\u00f3cios e qual deve ser a conduta de sua diretoria e de seus colaboradores, pr\u00f3prios ou terceirizados, na intera\u00e7\u00e3o com a institui\u00e7\u00e3o ou com seus principais p\u00fablicos de relacionamento.<\/p>\n\n\n\n<p>Al\u00e9m disso, o presente C\u00f3digo de Condutas refor\u00e7a o compromisso da Marok com o desenvolvimento sustent\u00e1vel das organiza\u00e7\u00f5es, estando de acordo com os valores e princ\u00edpios praticados desde a sua constitui\u00e7\u00e3o, aderindo \u00e0s normas de respeito, integridade e conformidade a partir da valoriza\u00e7\u00e3o social da honestidade e da moraliza\u00e7\u00e3o das rela\u00e7\u00f5es.<\/p>\n\n\n\n<p>A observ\u00e2ncia ao C\u00f3digo de Condutas \u00e9 obrigat\u00f3ria e reafirma um dos nossos objetivos mais importantes, que \u00e9 manter e consolidar a reputa\u00e7\u00e3o da Marok.<\/p>\n\n\n\n<p>&nbsp;Desta forma, teremos uma Marok cada vez mais respeitada e admirada por todos!<br><br>C\u00f3digo de Conduta Grupo Marok em PDF \u2013<a href=\"https:\/\/marok.com.br\/resources\/C%C3%B3digo%20de%20Condutas%20-%20Marok%20Solu%C3%A7%C3%B5es%20Tecnol%C3%B3gicas.pdf\"><strong>&nbsp;Baixe aqui.<\/strong><\/a><\/p>\n","protected":false},"excerpt":{"rendered":"<p>N\u00f3s, do Grupo Marok, estamos comprometidos com o sucesso do cliente, por meio da excel\u00eancia, e sabemos que o caminho para a excel\u00eancia somente ser\u00e1 atingido se agirmos com conformidade, \u00e9tica e transpar\u00eancia. \u00c9 por isso que em nossos Valores e C\u00f3digo de Conduta&nbsp;refor\u00e7amos nosso compromisso com o compliance. Esperamos que nossos empregados, em todos [&hellip;]<\/p>\n","protected":false},"author":1,"featured_media":0,"parent":0,"menu_order":0,"comment_status":"closed","ping_status":"closed","template":"","meta":{"_joinchat":[],"footnotes":""},"class_list":["post-134","page","type-page","status-publish","hentry"],"yoast_head":"<!-- This site is optimized with the Yoast SEO plugin v25.7 - https:\/\/yoast.com\/wordpress\/plugins\/seo\/ -->\n<title>Compliance - Grupo Marok<\/title>\n<meta name=\"robots\" content=\"index, follow, max-snippet:-1, max-image-preview:large, max-video-preview:-1\" \/>\n<link rel=\"canonical\" href=\"https:\/\/marok.com.br\/index.php\/compliance\/\" \/>\n<meta property=\"og:locale\" content=\"pt_BR\" \/>\n<meta property=\"og:type\" content=\"article\" \/>\n<meta property=\"og:title\" content=\"Compliance - Grupo Marok\" \/>\n<meta property=\"og:description\" content=\"N\u00f3s, do Grupo Marok, estamos comprometidos com o sucesso do cliente, por meio da excel\u00eancia, e sabemos que o caminho para a excel\u00eancia somente ser\u00e1 atingido se agirmos com conformidade, \u00e9tica e transpar\u00eancia. \u00c9 por isso que em nossos Valores e C\u00f3digo de Conduta&nbsp;refor\u00e7amos nosso compromisso com o compliance. Esperamos que nossos empregados, em todos [&hellip;]\" \/>\n<meta property=\"og:url\" content=\"https:\/\/marok.com.br\/index.php\/compliance\/\" \/>\n<meta property=\"og:site_name\" content=\"Grupo Marok\" \/>\n<meta property=\"article:modified_time\" content=\"2025-08-25T17:32:48+00:00\" \/>\n<meta name=\"twitter:card\" content=\"summary_large_image\" \/>\n<meta name=\"twitter:label1\" content=\"Est. tempo de leitura\" \/>\n\t<meta name=\"twitter:data1\" content=\"4 minutos\" \/>\n<script type=\"application\/ld+json\" class=\"yoast-schema-graph\">{\"@context\":\"https:\/\/schema.org\",\"@graph\":[{\"@type\":\"WebPage\",\"@id\":\"https:\/\/marok.com.br\/index.php\/compliance\/\",\"url\":\"https:\/\/marok.com.br\/index.php\/compliance\/\",\"name\":\"Compliance - Grupo Marok\",\"isPartOf\":{\"@id\":\"https:\/\/marok.com.br\/#website\"},\"datePublished\":\"2025-08-25T17:28:26+00:00\",\"dateModified\":\"2025-08-25T17:32:48+00:00\",\"breadcrumb\":{\"@id\":\"https:\/\/marok.com.br\/index.php\/compliance\/#breadcrumb\"},\"inLanguage\":\"pt-BR\",\"potentialAction\":[{\"@type\":\"ReadAction\",\"target\":[\"https:\/\/marok.com.br\/index.php\/compliance\/\"]}]},{\"@type\":\"BreadcrumbList\",\"@id\":\"https:\/\/marok.com.br\/index.php\/compliance\/#breadcrumb\",\"itemListElement\":[{\"@type\":\"ListItem\",\"position\":1,\"name\":\"Home\",\"item\":\"https:\/\/marok.com.br\/\"},{\"@type\":\"ListItem\",\"position\":2,\"name\":\"Compliance\"}]},{\"@type\":\"WebSite\",\"@id\":\"https:\/\/marok.com.br\/#website\",\"url\":\"https:\/\/marok.com.br\/\",\"name\":\"Grupo Marok\",\"description\":\"\",\"publisher\":{\"@id\":\"https:\/\/marok.com.br\/#organization\"},\"potentialAction\":[{\"@type\":\"SearchAction\",\"target\":{\"@type\":\"EntryPoint\",\"urlTemplate\":\"https:\/\/marok.com.br\/?s={search_term_string}\"},\"query-input\":{\"@type\":\"PropertyValueSpecification\",\"valueRequired\":true,\"valueName\":\"search_term_string\"}}],\"inLanguage\":\"pt-BR\"},{\"@type\":\"Organization\",\"@id\":\"https:\/\/marok.com.br\/#organization\",\"name\":\"Grupo Marok\",\"url\":\"https:\/\/marok.com.br\/\",\"logo\":{\"@type\":\"ImageObject\",\"inLanguage\":\"pt-BR\",\"@id\":\"https:\/\/marok.com.br\/#\/schema\/logo\/image\/\",\"url\":\"https:\/\/marok.com.br\/wp-content\/uploads\/2025\/08\/LOGO-GRUPO-MAROK-scaled.png\",\"contentUrl\":\"https:\/\/marok.com.br\/wp-content\/uploads\/2025\/08\/LOGO-GRUPO-MAROK-scaled.png\",\"width\":2560,\"height\":1440,\"caption\":\"Grupo Marok\"},\"image\":{\"@id\":\"https:\/\/marok.com.br\/#\/schema\/logo\/image\/\"}}]}<\/script>\n<!-- \/ Yoast SEO plugin. -->","yoast_head_json":{"title":"Compliance - Grupo Marok","robots":{"index":"index","follow":"follow","max-snippet":"max-snippet:-1","max-image-preview":"max-image-preview:large","max-video-preview":"max-video-preview:-1"},"canonical":"https:\/\/marok.com.br\/index.php\/compliance\/","og_locale":"pt_BR","og_type":"article","og_title":"Compliance - Grupo Marok","og_description":"N\u00f3s, do Grupo Marok, estamos comprometidos com o sucesso do cliente, por meio da excel\u00eancia, e sabemos que o caminho para a excel\u00eancia somente ser\u00e1 atingido se agirmos com conformidade, \u00e9tica e transpar\u00eancia. \u00c9 por isso que em nossos Valores e C\u00f3digo de Conduta&nbsp;refor\u00e7amos nosso compromisso com o compliance. Esperamos que nossos empregados, em todos [&hellip;]","og_url":"https:\/\/marok.com.br\/index.php\/compliance\/","og_site_name":"Grupo Marok","article_modified_time":"2025-08-25T17:32:48+00:00","twitter_card":"summary_large_image","twitter_misc":{"Est. tempo de leitura":"4 minutos"},"schema":{"@context":"https:\/\/schema.org","@graph":[{"@type":"WebPage","@id":"https:\/\/marok.com.br\/index.php\/compliance\/","url":"https:\/\/marok.com.br\/index.php\/compliance\/","name":"Compliance - Grupo Marok","isPartOf":{"@id":"https:\/\/marok.com.br\/#website"},"datePublished":"2025-08-25T17:28:26+00:00","dateModified":"2025-08-25T17:32:48+00:00","breadcrumb":{"@id":"https:\/\/marok.com.br\/index.php\/compliance\/#breadcrumb"},"inLanguage":"pt-BR","potentialAction":[{"@type":"ReadAction","target":["https:\/\/marok.com.br\/index.php\/compliance\/"]}]},{"@type":"BreadcrumbList","@id":"https:\/\/marok.com.br\/index.php\/compliance\/#breadcrumb","itemListElement":[{"@type":"ListItem","position":1,"name":"Home","item":"https:\/\/marok.com.br\/"},{"@type":"ListItem","position":2,"name":"Compliance"}]},{"@type":"WebSite","@id":"https:\/\/marok.com.br\/#website","url":"https:\/\/marok.com.br\/","name":"Grupo Marok","description":"","publisher":{"@id":"https:\/\/marok.com.br\/#organization"},"potentialAction":[{"@type":"SearchAction","target":{"@type":"EntryPoint","urlTemplate":"https:\/\/marok.com.br\/?s={search_term_string}"},"query-input":{"@type":"PropertyValueSpecification","valueRequired":true,"valueName":"search_term_string"}}],"inLanguage":"pt-BR"},{"@type":"Organization","@id":"https:\/\/marok.com.br\/#organization","name":"Grupo Marok","url":"https:\/\/marok.com.br\/","logo":{"@type":"ImageObject","inLanguage":"pt-BR","@id":"https:\/\/marok.com.br\/#\/schema\/logo\/image\/","url":"https:\/\/marok.com.br\/wp-content\/uploads\/2025\/08\/LOGO-GRUPO-MAROK-scaled.png","contentUrl":"https:\/\/marok.com.br\/wp-content\/uploads\/2025\/08\/LOGO-GRUPO-MAROK-scaled.png","width":2560,"height":1440,"caption":"Grupo Marok"},"image":{"@id":"https:\/\/marok.com.br\/#\/schema\/logo\/image\/"}}]}},"_links":{"self":[{"href":"https:\/\/marok.com.br\/index.php\/wp-json\/wp\/v2\/pages\/134","targetHints":{"allow":["GET"]}}],"collection":[{"href":"https:\/\/marok.com.br\/index.php\/wp-json\/wp\/v2\/pages"}],"about":[{"href":"https:\/\/marok.com.br\/index.php\/wp-json\/wp\/v2\/types\/page"}],"author":[{"embeddable":true,"href":"https:\/\/marok.com.br\/index.php\/wp-json\/wp\/v2\/users\/1"}],"replies":[{"embeddable":true,"href":"https:\/\/marok.com.br\/index.php\/wp-json\/wp\/v2\/comments?post=134"}],"version-history":[{"count":2,"href":"https:\/\/marok.com.br\/index.php\/wp-json\/wp\/v2\/pages\/134\/revisions"}],"predecessor-version":[{"id":137,"href":"https:\/\/marok.com.br\/index.php\/wp-json\/wp\/v2\/pages\/134\/revisions\/137"}],"wp:attachment":[{"href":"https:\/\/marok.com.br\/index.php\/wp-json\/wp\/v2\/media?parent=134"}],"curies":[{"name":"wp","href":"https:\/\/api.w.org\/{rel}","templated":true}]}}